factors of 1287204.
2, 3, 67, 1601
What are the prime factors of 142083?
3, 15787
What are the prime factors of 3626956?
2, 853, 1063
What are the prime factors of 11696131?
11696131
What are the prime factors of 29799?
3, 7, 11, 43
What are the prime factors of 1822017?
3, 607339
List the prime factors of 859358.
2, 429679
What are the prime factors of 26788349?
7, 211, 2591
List the prime factors of 1172332.
2, 7, 149, 281
What are the prime factors of 870842?
2, 7, 17, 3659
List the prime factors of 4299179.
4299179
List the prime factors of 566548.
2, 141637
List the prime factors of 1380049.
11, 109, 1151
What are the prime factors of 3687659?
23, 6971
What are the prime factors of 6025901?
7, 860843
List the prime factors of 10732675.
5, 331, 1297
What are the prime factors of 9473401?
7, 23, 29, 2029
What are the prime factors of 3655367?
23, 103, 1543
List the prime factors of 379983.
3, 23, 5507
List the prime factors of 6472813.
139, 46567
List the prime factors of 84513.
3, 11, 13, 197
List the prime factors of 3804811.
3804811
List the prime factors of 530961.
3, 17, 29, 359
List the prime factors of 349219.
13, 26863
What are the prime factors of 1532168?
2, 11, 23, 757
What are the prime factors of 272270?
2, 5, 19, 1433
What are the prime factors of 1001270?
2, 5, 223, 449
List the prime factors of 57836.
2, 19, 761
What are the prime factors of 30392573?
149, 203977
What are the prime factors of 204844?
2, 83, 617
What are the prime factors of 5485054?
2, 677, 4051
What are the prime factors of 13810971?
3, 23, 200159
List the prime factors of 2452108.
2, 223, 2749
What are the prime factors of 6666695?
5, 7, 27211
List the prime factors of 1367555.
5, 7, 41, 953
List the prime factors of 200231.
200231
List the prime factors of 192955.
5, 7, 37, 149
List the prime factors of 738117.
3, 82013
List the prime factors of 9051017.
9051017
List the prime factors of 213761.
181, 1181
What are the prime factors of 1706755?
5, 353, 967
List the prime factors of 788388.
2, 3, 65699
List the prime factors of 434063.
7, 59, 1051
List the prime factors of 161867.
157, 1031
List the prime factors of 470638.
2, 7, 33617
List the prime factors of 11501391.
3, 11, 348527
What are the prime factors of 5060245?
5, 1012049
List the prime factors of 6019126.
2, 3009563
List the prime factors of 212069.
11, 13, 1483
List the prime factors of 15730412.
2, 29, 135607
What are the prime factors of 1903633?
167, 11399
List the prime factors of 207051.
3, 13, 5309
What are the prime factors of 13762?
2, 7, 983
What are the prime factors of 14647519?
14647519
List the prime factors of 29778320.
2, 5, 11, 13, 19, 137
What are the prime factors of 129344?
2, 43, 47
What are the prime factors of 7994194?
2, 13, 349, 881
What are the prime factors of 857344?
2, 17, 197
What are the prime factors of 1574615?
5, 7, 6427
What are the prime factors of 3731246?
2, 41, 45503
List the prime factors of 306601.
257, 1193
What are the prime factors of 167235?
3, 5, 11149
List the prime factors of 242686.
2, 121343
List the prime factors of 379176.
2, 3, 7, 37, 61
What are the prime factors of 13736577?
3, 223, 20533
List the prime factors of 17030478.
2, 3, 383, 7411
List the prime factors of 29771.
7, 4253
List the prime factors of 835060.
2, 5, 43, 971
List the prime factors of 153428.
2, 11, 317
What are the prime factors of 150538?
2, 75269
What are the prime factors of 86123?
71, 1213
What are the prime factors of 4251795?
3, 5, 137, 2069
What are the prime factors of 3982550?
2, 5, 11, 13, 557
List the prime factors of 256186.
2, 7, 29, 631
What are the prime factors of 4234571?
11, 384961
List the prime factors of 42278.
2, 21139
List the prime factors of 1308159.
3, 191, 761
What are the prime factors of 2103058?
2, 233, 4513
What are the prime factors of 1002915?
3, 5, 17, 19, 23
What are the prime factors of 344878?
2, 172439
What are the prime factors of 747118?
2, 19, 19661
List the prime factors of 86483.
197, 439
What are the prime factors of 102253?
102253
What are the prime factors of 4192638?
2, 3, 698773
List the prime factors of 422857.
422857
What are the prime factors of 281310?
2, 3, 5, 9377
List the prime factors of 13270924.
2, 1091, 3041
List the prime factors of 191404.
2, 109, 439
List the prime factors of 6166092.
2, 3, 513841
List the prime factors of 844028.
2, 211007
List the prime factors of 8961364.
2, 2240341
What are the prime factors of 4453506?
2, 3, 401, 617
List the prime factors of 1346608.
2, 84163
What are the prime factors of 918074?
2, 459037
List the prime factors of 2802929.
2802929
List the prime factors of 1837362.
2, 3, 359, 853
List the prime factors of 23455007.
23455007
List the prime factors of 1867530.
2, 3, 5, 7, 8893
List the prime factors of 7225780.
2, 5, 47, 7687
What are the prime factors of 6447563?
2221, 2903
List the prime factors of 5145601.
5145601
List the prime factors of 606251.
606251
List the prime factors of 1097337.
3, 365779
What are the prime factors of 1269928?
2, 11, 14431
List the prime factors of 8446646.
2, 13, 324871
What are the prime factors of 24420112?
2, 23, 66359
What are the prime factors of 295508?
2, 73877
What are the prime factors of 189025?
5, 7561
List the prime factors of 264380.
2, 5, 13219
List the prime factors of 225303.
3, 13, 53, 109
What are the prime factors of 9452766?
2, 3, 19, 283, 293
List the prime factors of 7532183.
2609, 2887
What are the prime factors of 18843786?
2, 3, 13, 17, 1579
What are the prime factors of 447247?
447247
List the prime factors of 152290.
2, 5, 97, 157
What are the prime factors of 3474259?
3474259
What are the prime factors of 1379615?
5, 275923
List the prime factors of 506813.
457, 1109
List the prime factors of 78619.
29, 2711
What are the prime factors of 1244566?
2, 79, 7877
What are the prime factors of 279536?
2, 17471
What are the prime factors of 203301?
3, 7, 461
List the prime factors of 2188743.
3, 19, 43, 47
List the prime factors of 2598808.
2, 563, 577
What are the prime factors of 215623?
257, 839
List the prime factors of 14001155.
5, 7, 400033
List the prime factors of 20861144.
2, 373, 6991
List the prime factors of 26631702.
2, 3, 1479539
What are the prime factors of 1057283?
673, 1571
List the prime factors of 2626345.
5, 317, 1657
List the prime factors of 4144265.
5, 443, 1871
What are the prime factors of 1149473?
13, 29, 3049
List the prime factors of 14186483.
17, 19, 167, 263
What are the prime factors of 11166070?
2, 5, 719, 1553
List the prime factors of 2873899.
7, 89, 659
List the prime factors of 2053023.
3, 7, 59, 1657
List the prime factors of 7457896.
2, 887, 1051
What are the prime factors of 5091263?
67, 75989
What are the prime factors of 605818?
2, 302909
List the prime factors of 201157.
11, 18287
What are the prime factors of 100374?
2, 3, 16729
What are the prime factors of 194825?
5, 7793
What are the prime factors of 400597?
400597
What are the prime factors of 20299989?
3, 17, 398039
What are the prime factors of 39455729?
39455729
What are the prime factors of 253208?
2, 31, 1021
List the prime factors of 163136.
2, 2549
What are the prime factors of 122296?
2, 15287
What are the prime factors of 2464189?
7, 13, 2083
List the prime factors of 370126.
2, 185063
List the prime factors of 4529827.
23, 8563
List the prime factors of 427552.
2, 31, 431
List the prime factors of 260838.
2, 3, 43, 337
What are the prime factors of 10206676?
2, 71, 83, 433
List the prime factors of 9957283.
7, 1422469
What are the prime factors of 209266?
2, 19, 5507
What are the prime factors of 275717?
13, 127, 167
List the prime factors of 728595.
3, 5, 7, 257
List the prime factors of 260778.
2, 3, 7, 887
List the prime factors of 420981.
3, 11, 12757
What are the prime factors of 2110572?
2, 3, 23, 2549
List the prime factors of 617638.
2, 7, 157, 281
List the prime factors of 266128.
2, 16633
What are the prime factors of 9453777?
3, 3151259
What are the prime factors of 1172629?
179, 6551
What are the prime factors of 5420211?
3, 71, 25447
List the prime factors of 167336.
2, 13, 1609
List the prime factors of 27721.
19, 1459
List the prime factors of 12693881.
19, 359, 1861
List the prime factors of 15